{"id":148,"date":"2023-06-11T20:00:58","date_gmt":"2023-06-11T18:00:58","guid":{"rendered":"https:\/\/www.fatuk.de\/caya\/?page_id=148"},"modified":"2023-09-22T14:17:05","modified_gmt":"2023-09-22T12:17:05","slug":"kontakt","status":"publish","type":"page","link":"https:\/\/www.fatuk.de\/caya\/kontakt\/","title":{"rendered":"KONTAKT"},"content":{"rendered":"<p><strong><span style=\"color: #9a0b6d;\">TEAM CAYA:<\/span><\/strong><\/p>\n<p>Prof. Christiane Fath, Dipl. Ing. Architektin:<\/p>\n<p>christiane.fath@rptu.de<\/p>\n<p><strong><span style=\"color: #9a0b6d;\">Tutorin:<\/span> <\/strong>Verena Herwig<\/p>\n<p><strong><span style=\"color: #9a0b6d;\">Grafik:<\/span><\/strong> Arina Zhdanova, Vicky Leonhardt<\/p>\n<p><strong><span style=\"color: #9a0b6d;\">Homepage:<\/span> <\/strong>Hilal Ciftci<\/p>\n<p><span style=\"color: #9a0b6d;\"><strong>Instagram:<\/strong><\/span> Merve G\u00fcng\u00f6r<\/p>\n<p><span style=\"color: #9a0b6d;\"><strong>Programm:<\/strong><\/span> Arina Zhdanova, Melissa G\u00fcnter, Sahana Doravari, Vicky Leonhardt<\/p>\n<p><strong><span style=\"color: #9a0b6d;\">Redaktion:<\/span> <\/strong>Sahana Doravari<\/p>\n<p><span style=\"color: #9a0b6d;\"><strong>Moderation:<\/strong> <\/span>Merve G\u00fcng\u00f6r, Melissa G\u00fcnter, Sahana Doravari<\/p>\n<p><strong><span style=\"color: #9a0b6d;\"><span style=\"caret-color: #9a0b6d;\">Ausstellung<\/span>:<\/span><\/strong> Diana Malvaso, Fabienne Jost, Marco Drago, Melissa G\u00fcnter, Vanessa Wagner<\/p>\n<p>&nbsp;<\/p>\n<p>Sei immer up to date auf unserer Instagram Seite: <span style=\"color: #9a0b6d;\">@<a style=\"color: #9a0b6d;\" href=\"https:\/\/www.instagram.com\/comeasyouare.23\/\">comeasyouare.23<\/a><\/span><\/p>\n","protected":false},"excerpt":{"rendered":"<p>TEAM CAYA: Prof. Christiane Fath, Dipl. Ing. Architektin: christiane.fath@rptu.de Tutorin: Verena Herwig Grafik: Arina Zhdanova, Vicky Leonhardt Homepage: Hilal Ciftci Instagram: Merve G\u00fcng\u00f6r Programm: Arina Zhdanova, Melissa G\u00fcnter, Sahana Doravari, Vicky Leonhardt Redaktion: Sahana Doravari Moderation: Merve G\u00fcng\u00f6r, Melissa G\u00fcnter, Sahana Doravari Ausstellung: Diana Malvaso, Fabienne Jost, Marco Drago, Melissa G\u00fcnter, Vanessa Wagner &nbsp; Sei [&hellip;]<\/p>\n","protected":false},"author":1,"featured_media":0,"parent":0,"menu_order":0,"comment_status":"closed","ping_status":"closed","template":"","meta":{"footnotes":""},"class_list":["post-148","page","type-page","status-publish","hentry"],"_links":{"self":[{"href":"https:\/\/www.fatuk.de\/caya\/wp-json\/wp\/v2\/pages\/148","targetHints":{"allow":["GET"]}}],"collection":[{"href":"https:\/\/www.fatuk.de\/caya\/wp-json\/wp\/v2\/pages"}],"about":[{"href":"https:\/\/www.fatuk.de\/caya\/wp-json\/wp\/v2\/types\/page"}],"author":[{"embeddable":true,"href":"https:\/\/www.fatuk.de\/caya\/wp-json\/wp\/v2\/users\/1"}],"replies":[{"embeddable":true,"href":"https:\/\/www.fatuk.de\/caya\/wp-json\/wp\/v2\/comments?post=148"}],"version-history":[{"count":58,"href":"https:\/\/www.fatuk.de\/caya\/wp-json\/wp\/v2\/pages\/148\/revisions"}],"predecessor-version":[{"id":949,"href":"https:\/\/www.fatuk.de\/caya\/wp-json\/wp\/v2\/pages\/148\/revisions\/949"}],"wp:attachment":[{"href":"https:\/\/www.fatuk.de\/caya\/wp-json\/wp\/v2\/media?parent=148"}],"curies":[{"name":"wp","href":"https:\/\/api.w.org\/{rel}","templated":true}]}}